r of 1268 and 61972.
4
Calculate the greatest common factor of 38270 and 801950.
430
What is the highest common divisor of 254941197 and 61853?
5623
What is the greatest common divisor of 1013676 and 12036?
204
Calculate the highest common factor of 271313 and 108593.
113
Calculate the greatest common factor of 24837514 and 29.
29
What is the greatest common factor of 47882908 and 2004?
668
Calculate the highest common factor of 370 and 68760578.
74
What is the highest common divisor of 8965 and 27778949?
1793
Calculate the greatest common factor of 273765 and 21480.
15
Calculate the highest common divisor of 1300682 and 3514.
502
Calculate the highest common divisor of 219008 and 14933376.
3712
What is the highest common factor of 4396 and 37120766?
314
What is the greatest common factor of 105540850 and 3704?
926
Calculate the highest common factor of 182200 and 59623128.
7288
What is the greatest common factor of 168640 and 376278?
1054
What is the highest common divisor of 13727784 and 738?
246
What is the highest common divisor of 687687 and 4719?
429
What is the highest common factor of 248 and 4061528?
8
Calculate the highest common divisor of 3724 and 65086210.
1862
Calculate the greatest common divisor of 46 and 20800694.
46
Calculate the highest common factor of 542619 and 10805487.
6699
What is the greatest common factor of 2472213 and 24285?
4857
Calculate the greatest common divisor of 32732867 and 15630.
521
Calculate the highest common factor of 2568 and 141549444.
1284
What is the greatest common divisor of 825 and 6178755?
165
What is the greatest common divisor of 946 and 23313611?
43
What is the highest common divisor of 1770 and 5367990?
30
What is the highest common divisor of 373531 and 4899?
71
What is the greatest common factor of 16677 and 190156713?
5559
Calculate the greatest common factor of 11336 and 19630.
26
Calculate the highest common divisor of 41769 and 243984.
663
What is the greatest common divisor of 189725 and 11800?
25
What is the greatest common factor of 91661 and 6887?
71
What is the greatest common factor of 1370 and 6730?
10
Calculate the greatest common factor of 159466 and 124.
2
Calculate the highest common divisor of 486 and 3052782.
54
What is the highest common divisor of 36 and 718684?
4
Calculate the highest common divisor of 48 and 4932204.
12
What is the highest common factor of 4920 and 280816995?
615
What is the highest common divisor of 16092 and 269244?
108
Calculate the greatest common divisor of 7553967 and 219.
219
Calculate the highest common divisor of 656 and 678064.
16
What is the highest common divisor of 128 and 1446112?
32
What is the greatest common divisor of 24332 and 44627?
11
What is the highest common divisor of 76347 and 17646?
51
Calculate the highest common divisor of 112 and 1325456.
16
Calculate the highest common factor of 4270307 and 7799.
709
What is the greatest common divisor of 30 and 1535484300?
30
Calculate the greatest common factor of 6231225 and 61503.
3237
What is the greatest common divisor of 720 and 33251520?
240
Calculate the greatest common divisor of 13630851 and 48477.
4407
Calculate the greatest common divisor of 72 and 2113768.
8
What is the highest common divisor of 16323517 and 2543?
2543
What is the highest common factor of 30875950 and 210?
70
Calculate the highest common factor of 570726 and 249591.
813
What is the highest common divisor of 914934426 and 70?
14
Calculate the highest common factor of 242567 and 2637687.
611
What is the greatest common divisor of 19524 and 13272?
12
Calculate the highest common divisor of 64 and 624024.
8
Calculate the highest common factor of 25456864 and 8.
8
Calculate the highest common divisor of 681921 and 6052.
17
Calculate the greatest common divisor of 10029016 and 368.
8
Calculate the highest common divisor of 424 and 40328.
8
Calculate the greatest common factor of 53650 and 400.
50
What is the highest common divisor of 482695 and 101460?
95
What is the greatest common factor of 1582 and 2166549?
791
What is the greatest common divisor of 3 and 2462513?
1
What is the greatest common factor of 125887308 and 48?
12
What is the highest common factor of 22908928 and 64736?
3808
Calculate the greatest common factor of 9520 and 1433040.
560
Calculate the greatest common factor of 111606 and 2622.
114
What is the highest common divisor of 26402209 and 203?
29
Calculate the highest common divisor of 7680 and 705.
15
Calculate the greatest common factor of 566811 and 18711.
189
Calculate the greatest common factor of 147421248 and 1248.
1248
Calculate the highest common factor of 26219 and 640946.
167
What is the greatest common divisor of 616 and 263628904?
616
What is the greatest common factor of 155 and 3192155?
5
Calculate the greatest common factor of 1212 and 12777.
3
Calculate the greatest common divisor of 1925 and 53511425.
275
Calculate the highest common divisor of 1209296 and 1.
1
Calculate the highest common divisor of 640846 and 994.
142
Calculate the highest common divisor of 30425836 and 133.
7
What is the highest common factor of 39915610 and 15050?
3010
Calculate the greatest common factor of 62 and 151778635.
31
Calculate the highest common divisor of 785634940 and 731.
731
What is the greatest common divisor of 125329550 and 25?
25
What is the highest common divisor of 45 and 2681406?
9
What is the highest common divisor of 698081681 and 11?
11
Calculate the greatest common divisor of 29462418 and 6.
6
What is the highest common factor of 1482 and 309152116?
494
Calculate the greatest common divisor of 2051013 and 14442.
249
Calculate the greatest common divisor of 1891544 and 9112.
536
Calculate the highest common divisor of 728462 and 85400.
854
What is the greatest common factor of 132 and 1673316?
12
What is the greatest common factor of 32 and 42966976?
32
What is the greatest common divisor of 2744 and 65992?
8
Calculate the greatest common factor of 7297950 and 5775.
825
Calculate the highest common factor of 18 and 15078222.
18
Calculate the highest common factor of 542220 and 93660.
420
What is the highest common divisor of 3038070 and 8415?
255
What is the greatest common factor of 879276 and 190162?
94
What is the highest common factor of 1116 and 203904?
36
Calculate the highest common factor of 4656 and 12447816.
2328
Calculate the highest common divisor of 384 and 26407464.
24
What is the highest common divisor of 31888 and 894416?
16
Calculate the greatest common divisor of 8207 and 419311.
29
Calculate the highest common divisor of 9082794 and 1302.
42
What is the highest common factor of 465637 and 2005433?
1681
What is the highest common factor of 1106004 and 88404?
636
What is the highest common divisor of 57176295 and 498410?
10835
What is the highest common factor of 1838941 and 13702?
221
What is the greatest common divisor of 52108 and 142436?
28
Calculate the highest common factor of 852 and 27214300.
284
What is the highest common divisor of 438 and 214122?
6
What is the highest common divisor of 9183198 and 522?
174
What is the highest common divisor of 443926 and 138010?
74
Calculate the greatest common divisor of 9133842 and 1072.
134
What is the greatest common factor of 8195 and 53413371?
1639
What is the highest common divisor of 40346051 and 249?
83
Calculate the highest common divisor of 98198267 and 2399.
2399
What is the greatest common factor of 58871 and 18853?
17
Calculate the highest common factor of 4636 and 4553578.
38
What is the highest common factor of 220 and 95295398?
22
Calculate the highest common divisor of 40500 and 1980540.
180
What is the greatest common divisor of 3390706 and 336996?
506
What is the greatest common factor of 174646797 and 172380?
8619
Calculate the greatest common divisor of 3966 and 4043337.
1983
Calculate the greatest common factor of 5304 and 2718300.
2652
What is the greatest common factor of 41216 and 150604?
92
What is the greatest common factor of 23298 and 34254?
66
What is the greatest common divisor of 10344857 and 1173?
17
What is the highest common divisor of 4059 and 102933?
9
Calculate the greatest common divisor of 4 and 2942546.
2
Calculate the highest common factor of 73107683 and 297.
11
Calcula